{"id":546,"date":"2019-06-21T13:13:53","date_gmt":"2019-06-21T18:13:53","guid":{"rendered":"https:\/\/www.uv.mx\/dgbuv\/?page_id=546"},"modified":"2021-02-11T13:03:33","modified_gmt":"2021-02-11T19:03:33","slug":"el-referencista","status":"publish","type":"page","link":"https:\/\/www.uv.mx\/dgbuv\/el-referencista\/","title":{"rendered":"El Referencista"},"content":{"rendered":"Se ofrece la Segunda \u00c9poca el bolet\u00edn informativo El Referencista, de la Direcci\u00f3n General de Bibliotecas de la Universidad Veracruzana. Es una publicaci\u00f3n de frecuencia trimestral, en formato PDF, cuyo contenido gira en torno a recursos de informaci\u00f3n, consejos, tips, recomendaciones y rese\u00f1as de los mismos, tanto impresos como digitales. Actualmente, desarrollado como un <a href=\"https:\/\/elreferencista.wordpress.com\/\" target=\"_blank\" rel=\"noopener noreferrer\">blog<\/a>. <br> <br>\r\n\r\n <div class=\"panel\">\r\n   <h4 class=\"panel-title\">\r\n     <a href=\"https:\/\/www.uv.mx\/dgbuv\/wp-content\/uploads\/2019\/06\/14referencista24.pdf\" target=\"_blank\" rel=\"noopener noreferrer\"> El Referencista 24 (Jul-Sep 2014)<\/a>\r\n   <\/h4>\r\n  <\/div>\r\n\r\n\r\n <div class=\"panel\">\r\n   <h4 class=\"panel-title\">\r\n     <a href=\"https:\/\/www.uv.mx\/dgbuv\/wp-content\/uploads\/2019\/06\/74referencista23.pdf\" target=\"_blank\" rel=\"noopener noreferrer\"> El Referencista 23 (Abr-Jun 2014)<\/a>\r\n   <\/h4>\r\n  <\/div>\r\n\r\n   <div class=\"panel\">\r\n   <h4 class=\"panel-title\">\r\n     <a href=\"https:\/\/www.uv.mx\/dgbuv\/wp-content\/uploads\/2019\/06\/14referencista22.pdf\" target=\"_blank\" rel=\"noopener noreferrer\"> El Referencista 22 (Ene-Mar 2014)<\/a>\r\n   <\/h4>\r\n  <\/div>\r\n\r\n   <div class=\"panel\">\r\n   <h4 class=\"panel-title\">\r\n     <a href=\"https:\/\/www.uv.mx\/dgbuv\/wp-content\/uploads\/2019\/06\/13referencista21.pdf\" target=\"_blank\" rel=\"noopener noreferrer\"> El Referencista 21 (Oct-Dic 2013)<\/a>\r\n   <\/h4>\r\n  <\/div>\r\n\r\n   <div class=\"panel\">\r\n   <h4 class=\"panel-title\">\r\n     <a href=\"https:\/\/www.uv.mx\/dgbuv\/wp-content\/uploads\/2019\/06\/13referencista20.pdf\" target=\"_blank\" rel=\"noopener noreferrer\"> El Referencista 20 (Jul-Sep 2013)<\/a>\r\n   <\/h4>\r\n  <\/div>\r\n\r\n   <div class=\"panel\">\r\n   <h4 class=\"panel-title\">\r\n     <a href=\"https:\/\/www.uv.mx\/dgbuv\/wp-content\/uploads\/2019\/06\/13referencista19.pdf\" target=\"_blank\" rel=\"noopener noreferrer\"> El Referencista 19 (Abr-Jun 2013)<\/a>\r\n   <\/h4>\r\n  <\/div>\r\n\r\n   <div class=\"panel\">\r\n   <h4 class=\"panel-title\">\r\n     <a href=\"https:\/\/www.uv.mx\/dgbuv\/wp-content\/uploads\/2019\/06\/13referencista18.pdf\" target=\"_blank\" rel=\"noopener noreferrer\"> El Referencista 18 (Ene-Mar 2013)<\/a>\r\n   <\/h4>\r\n  <\/div>\r\n\r\n   <div class=\"panel\">\r\n   <h4 class=\"panel-title\">\r\n     <a href=\"https:\/\/www.uv.mx\/dgbuv\/wp-content\/uploads\/2019\/06\/12referencista17.pdf\" target=\"_blank\" rel=\"noopener noreferrer\"> El Referencista 17 (Oct-Dic 2012)<\/a>\r\n   <\/h4>\r\n  <\/div>\r\n\r\n  <div class=\"panel\">\r\n   <h4 class=\"panel-title\">\r\n     <a href=\"https:\/\/www.uv.mx\/dgbuv\/wp-content\/uploads\/2019\/06\/12referencista16.pdf\" target=\"_blank\" rel=\"noopener noreferrer\"> El Referencista 16 (Jul-Sep 2012)<\/a>\r\n   <\/h4>\r\n  <\/div>\r\n\r\n   <div class=\"panel\">\r\n   <h4 class=\"panel-title\">\r\n     <a href=\"https:\/\/www.uv.mx\/dgbuv\/wp-content\/uploads\/2019\/06\/12referencista15.pdf\" target=\"_blank\" rel=\"noopener noreferrer\"> El Referencista 15 (Abr-Jun 2012)<\/a>\r\n   <\/h4>\r\n  <\/div>\r\n\r\n   <div class=\"panel\">\r\n   <h4 class=\"panel-title\">\r\n     <a href=\"https:\/\/www.uv.mx\/dgbuv\/wp-content\/uploads\/2019\/06\/12referencista14.pdf\" target=\"_blank\" rel=\"noopener noreferrer\"> El Referencista 14 (Ene-Mar 2012)<\/a>\r\n   <\/h4>\r\n  <\/div>\r\n  \r\n  <div class=\"panel\">\r\n   <h4 class=\"panel-title\">\r\n     <a href=\"https:\/\/www.uv.mx\/dgbuv\/wp-content\/uploads\/2019\/06\/11referencista13.pdf\" target=\"_blank\" rel=\"noopener noreferrer\"> El Referencista 13 (Oct-Dic 2011)<\/a>\r\n   <\/h4>\r\n  <\/div>\r\n \r\n <div class=\"panel\">\r\n   <h4 class=\"panel-title\">\r\n     <a href=\"https:\/\/www.uv.mx\/dgbuv\/wp-content\/uploads\/2019\/06\/11referencista12.pdf\" target=\"_blank\" rel=\"noopener noreferrer\"> El Referencista 12 (Jul-Sep 2011)<\/a>\r\n   <\/h4>\r\n  <\/div>\r\n\r\n  <div class=\"panel\">\r\n   <h4 class=\"panel-title\">\r\n     <a href=\"https:\/\/www.uv.mx\/dgbuv\/wp-content\/uploads\/2019\/06\/11referencista11.pdf\" target=\"_blank\" rel=\"noopener noreferrer\"> El Referencista 11 (Abr-Jun 2011)<\/a>\r\n   <\/h4>\r\n  <\/div>\r\n\r\n  <div class=\"panel\">\r\n   <h4 class=\"panel-title\">\r\n     <a href=\"https:\/\/www.uv.mx\/dgbuv\/wp-content\/uploads\/2019\/06\/11referencista10.pdf\" target=\"_blank\" rel=\"noopener noreferrer\"> El Referencista 10 (Ene-Mar 2011)<\/a>\r\n   <\/h4>\r\n  <\/div>\r\n\r\n  <div class=\"panel\">\r\n   <h4 class=\"panel-title\">\r\n     <a href=\"https:\/\/www.uv.mx\/dgbuv\/wp-content\/uploads\/2019\/06\/10referencista09.pdf\" target=\"_blank\" rel=\"noopener noreferrer\"> El Referencista 9 (Oct-Dic 2010)<\/a>\r\n   <\/h4>\r\n  <\/div>\r\n\r\n <div class=\"panel\">\r\n   <h4 class=\"panel-title\">\r\n     <a href=\"https:\/\/www.uv.mx\/dgbuv\/wp-content\/uploads\/2019\/06\/10referencista08.pdf\" target=\"_blank\" rel=\"noopener noreferrer\"> El Referencista 8 (Jul-Sep 2010)<\/a>\r\n   <\/h4>\r\n  <\/div>\r\n\r\n  <div class=\"panel\">\r\n   <h4 class=\"panel-title\">\r\n     <a href=\"https:\/\/www.uv.mx\/dgbuv\/wp-content\/uploads\/2019\/06\/10referencista07.pdf\" target=\"_blank\" rel=\"noopener noreferrer\"> El Referencista 7 (Abr-Jun 2010)<\/a>\r\n   <\/h4>\r\n  <\/div>\r\n\r\n   <div class=\"panel\">\r\n   <h4 class=\"panel-title\">\r\n     <a href=\"https:\/\/www.uv.mx\/dgbuv\/wp-content\/uploads\/2019\/06\/10referencista06.pdf\" target=\"_blank\" rel=\"noopener noreferrer\"> El Referencista 6 (Ene-Mar 2010)<\/a>\r\n   <\/h4>\r\n  <\/div> \r\n\r\n <div class=\"panel\">\r\n   <h4 class=\"panel-title\">\r\n     <a href=\"https:\/\/www.uv.mx\/dgbuv\/wp-content\/uploads\/2019\/06\/09referencista05.pdf\"target=\"_blank\"> El Referencista 5 (Oct-Dic 2009)<\/a>\r\n   <\/h4>\r\n  <\/div> \r\n\r\n <div class=\"panel\">\r\n   <h4 class=\"panel-title\">\r\n     <a href=\"https:\/\/www.uv.mx\/dgbuv\/wp-content\/uploads\/2019\/06\/09referencista04.pdf\" target=\"_blank\" rel=\"noopener noreferrer\"> El Referencista 4 (Jul-Sep 2009)<\/a>\r\n   <\/h4>\r\n  <\/div> \r\n\r\n  <div class=\"panel\">\r\n   <h4 class=\"panel-title\">\r\n     <a href=\"https:\/\/www.uv.mx\/dgbuv\/wp-content\/uploads\/2019\/06\/09referencista03.pdf\" target=\"_blank\" rel=\"noopener noreferrer\">  El Referencista 3 (Abr-Jun 2009)<\/a>\r\n   <\/h4>\r\n  <\/div>\r\n\r\n  <div class=\"panel\">\r\n   <h4 class=\"panel-title\">\r\n     <a href=\"https:\/\/www.uv.mx\/dgbuv\/wp-content\/uploads\/2019\/06\/09referencista02.pdf\" target=\"_blank\" rel=\"noopener noreferrer\">  El Referencista 2 (Ene-Mar 2009)<\/a>\r\n   <\/h4>\r\n  <\/div>    \r\n \r\n  <div class=\"panel\">\r\n   <h4 class=\"panel-title\">\r\n     <a href=\"https:\/\/www.uv.mx\/dgbuv\/wp-content\/uploads\/2019\/06\/08referencista01.pdf\" target=\"_blank\" rel=\"noopener noreferrer\">  El Referencista 1 (Oct-Dic 2008)<\/a>\r\n   <\/h4>\r\n  <\/div>    \r\n \r\n","protected":false},"excerpt":{"rendered":"Se ofrece la Segunda \u00c9poca el bolet\u00edn informativo El Referencista, de la Direcci\u00f3n General de Bibliotecas de la Universidad Veracruzana. Es una publicaci\u00f3n de frecuencia trimestral, en formato PDF, cuyo contenido gira en torno a recursos de informaci\u00f3n, consejos, tips, recomendaciones y rese\u00f1as de los mismos, tanto impresos como digitales. Actualmente, desarrollado como un blog.<a class=\"read-more\" href=\"https:\/\/www.uv.mx\/dgbuv\/el-referencista\/\"><br\/>-> Continue reading<span class=\"screen-reader-text\">  El Referencista<\/span><\/a>","protected":false},"author":2,"featured_media":0,"parent":0,"menu_order":0,"comment_status":"closed","ping_status":"closed","template":"","meta":[],"_links":{"self":[{"href":"https:\/\/www.uv.mx\/dgbuv\/wp-json\/wp\/v2\/pages\/546"}],"collection":[{"href":"https:\/\/www.uv.mx\/dgbuv\/wp-json\/wp\/v2\/pages"}],"about":[{"href":"https:\/\/www.uv.mx\/dgbuv\/wp-json\/wp\/v2\/types\/page"}],"author":[{"embeddable":true,"href":"https:\/\/www.uv.mx\/dgbuv\/wp-json\/wp\/v2\/users\/2"}],"replies":[{"embeddable":true,"href":"https:\/\/www.uv.mx\/dgbuv\/wp-json\/wp\/v2\/comments?post=546"}],"version-history":[{"count":2,"href":"https:\/\/www.uv.mx\/dgbuv\/wp-json\/wp\/v2\/pages\/546\/revisions"}],"predecessor-version":[{"id":1359,"href":"https:\/\/www.uv.mx\/dgbuv\/wp-json\/wp\/v2\/pages\/546\/revisions\/1359"}],"wp:attachment":[{"href":"https:\/\/www.uv.mx\/dgbuv\/wp-json\/wp\/v2\/media?parent=546"}],"curies":[{"name":"wp","href":"https:\/\/api.w.org\/{rel}","templated":true}]}}

Se ofrece la Segunda Época el boletín informativo El Referencista, de la Dirección General de Bibliotecas de la Universidad Veracruzana. Es una publicación de frecuencia trimestral, en formato PDF, cuyo contenido gira en torno a recursos de información, consejos, tips, recomendaciones y reseñas de los mismos, tanto impresos como digitales. Actualmente, desarrollado como un <a href="https://elreferencista.wordpress.com/" target="_blank" rel="noopener noreferrer">blog</a>. <br> <br>

 <div class="panel">
   <h4 class="panel-title">
     <a href="https://www.uv.mx/dgbuv/wp-content/uploads/2019/06/14referencista24.pdf" target="_blank" rel="noopener noreferrer"> El Referencista 24 (Jul-Sep 2014)</a>
   </h4>
  </div>


 <div class="panel">
   <h4 class="panel-title">
     <a href="https://www.uv.mx/dgbuv/wp-content/uploads/2019/06/74referencista23.pdf" target="_blank" rel="noopener noreferrer"> El Referencista 23 (Abr-Jun 2014)</a>
   </h4>
  </div>

   <div class="panel">
   <h4 class="panel-title">
     <a href="https://www.uv.mx/dgbuv/wp-content/uploads/2019/06/14referencista22.pdf" target="_blank" rel="noopener noreferrer"> El Referencista 22 (Ene-Mar 2014)</a>
   </h4>
  </div>

   <div class="panel">
   <h4 class="panel-title">
     <a href="https://www.uv.mx/dgbuv/wp-content/uploads/2019/06/13referencista21.pdf" target="_blank" rel="noopener noreferrer"> El Referencista 21 (Oct-Dic 2013)</a>
   </h4>
  </div>

   <div class="panel">
   <h4 class="panel-title">
     <a href="https://www.uv.mx/dgbuv/wp-content/uploads/2019/06/13referencista20.pdf" target="_blank" rel="noopener noreferrer"> El Referencista 20 (Jul-Sep 2013)</a>
   </h4>
  </div>

   <div class="panel">
   <h4 class="panel-title">
     <a href="https://www.uv.mx/dgbuv/wp-content/uploads/2019/06/13referencista19.pdf" target="_blank" rel="noopener noreferrer"> El Referencista 19 (Abr-Jun 2013)</a>
   </h4>
  </div>

   <div class="panel">
   <h4 class="panel-title">
     <a href="https://www.uv.mx/dgbuv/wp-content/uploads/2019/06/13referencista18.pdf" target="_blank" rel="noopener noreferrer"> El Referencista 18 (Ene-Mar 2013)</a>
   </h4>
  </div>

   <div class="panel">
   <h4 class="panel-title">
     <a href="https://www.uv.mx/dgbuv/wp-content/uploads/2019/06/12referencista17.pdf" target="_blank" rel="noopener noreferrer"> El Referencista 17 (Oct-Dic 2012)</a>
   </h4>
  </div>

  <div class="panel">
   <h4 class="panel-title">
     <a href="https://www.uv.mx/dgbuv/wp-content/uploads/2019/06/12referencista16.pdf" target="_blank" rel="noopener noreferrer"> El Referencista 16 (Jul-Sep 2012)</a>
   </h4>
  </div>

   <div class="panel">
   <h4 class="panel-title">
     <a href="https://www.uv.mx/dgbuv/wp-content/uploads/2019/06/12referencista15.pdf" target="_blank" rel="noopener noreferrer"> El Referencista 15 (Abr-Jun 2012)</a>
   </h4>
  </div>

   <div class="panel">
   <h4 class="panel-title">
     <a href="https://www.uv.mx/dgbuv/wp-content/uploads/2019/06/12referencista14.pdf" target="_blank" rel="noopener noreferrer"> El Referencista 14 (Ene-Mar 2012)</a>
   </h4>
  </div>
  
  <div class="panel">
   <h4 class="panel-title">
     <a href="https://www.uv.mx/dgbuv/wp-content/uploads/2019/06/11referencista13.pdf" target="_blank" rel="noopener noreferrer"> El Referencista 13 (Oct-Dic 2011)</a>
   </h4>
  </div>
 
 <div class="panel">
   <h4 class="panel-title">
     <a href="https://www.uv.mx/dgbuv/wp-content/uploads/2019/06/11referencista12.pdf" target="_blank" rel="noopener noreferrer"> El Referencista 12 (Jul-Sep 2011)</a>
   </h4>
  </div>

  <div class="panel">
   <h4 class="panel-title">
     <a href="https://www.uv.mx/dgbuv/wp-content/uploads/2019/06/11referencista11.pdf" target="_blank" rel="noopener noreferrer"> El Referencista 11 (Abr-Jun 2011)</a>
   </h4>
  </div>

  <div class="panel">
   <h4 class="panel-title">
     <a href="https://www.uv.mx/dgbuv/wp-content/uploads/2019/06/11referencista10.pdf" target="_blank" rel="noopener noreferrer"> El Referencista 10 (Ene-Mar 2011)</a>
   </h4>
  </div>

  <div class="panel">
   <h4 class="panel-title">
     <a href="https://www.uv.mx/dgbuv/wp-content/uploads/2019/06/10referencista09.pdf" target="_blank" rel="noopener noreferrer"> El Referencista 9 (Oct-Dic 2010)</a>
   </h4>
  </div>

 <div class="panel">
   <h4 class="panel-title">
     <a href="https://www.uv.mx/dgbuv/wp-content/uploads/2019/06/10referencista08.pdf" target="_blank" rel="noopener noreferrer"> El Referencista 8 (Jul-Sep 2010)</a>
   </h4>
  </div>

  <div class="panel">
   <h4 class="panel-title">
     <a href="https://www.uv.mx/dgbuv/wp-content/uploads/2019/06/10referencista07.pdf" target="_blank" rel="noopener noreferrer"> El Referencista 7 (Abr-Jun 2010)</a>
   </h4>
  </div>

   <div class="panel">
   <h4 class="panel-title">
     <a href="https://www.uv.mx/dgbuv/wp-content/uploads/2019/06/10referencista06.pdf" target="_blank" rel="noopener noreferrer"> El Referencista 6 (Ene-Mar 2010)</a>
   </h4>
  </div> 

 <div class="panel">
   <h4 class="panel-title">
     <a href="https://www.uv.mx/dgbuv/wp-content/uploads/2019/06/09referencista05.pdf"target="_blank"> El Referencista 5 (Oct-Dic 2009)</a>
   </h4>
  </div> 

 <div class="panel">
   <h4 class="panel-title">
     <a href="https://www.uv.mx/dgbuv/wp-content/uploads/2019/06/09referencista04.pdf" target="_blank" rel="noopener noreferrer"> El Referencista 4 (Jul-Sep 2009)</a>
   </h4>
  </div> 

  <div class="panel">
   <h4 class="panel-title">
     <a href="https://www.uv.mx/dgbuv/wp-content/uploads/2019/06/09referencista03.pdf" target="_blank" rel="noopener noreferrer">  El Referencista 3 (Abr-Jun 2009)</a>
   </h4>
  </div>

  <div class="panel">
   <h4 class="panel-title">
     <a href="https://www.uv.mx/dgbuv/wp-content/uploads/2019/06/09referencista02.pdf" target="_blank" rel="noopener noreferrer">  El Referencista 2 (Ene-Mar 2009)</a>
   </h4>
  </div>    
 
  <div class="panel">
   <h4 class="panel-title">
     <a href="https://www.uv.mx/dgbuv/wp-content/uploads/2019/06/08referencista01.pdf" target="_blank" rel="noopener noreferrer">  El Referencista 1 (Oct-Dic 2008)</a>
   </h4>
  </div>

Se ofrece la Segunda Época el boletín informativo El Referencista, de la Dirección General de Bibliotecas de la Universidad Veracruzana. Es una publicación de frecuencia trimestral, en formato PDF, cuyo contenido gira en torno a recursos de información, consejos, tips, recomendaciones y reseñas de los mismos, tanto impresos como digitales. Actualmente, desarrollado como un blog.<a class="read-more" href="https://www.uv.mx/dgbuv/el-referencista/"><br/>-> Continue reading<span class="screen-reader-text">  El Referencista</span></a>
